83417 prime?
True
Is 1098235 a composite number?
True
Is 180787 prime?
False
Is 746 composite?
True
Is 86885 composite?
True
Is 11743 a composite number?
False
Is 8747 a prime number?
True
Is 2203 a composite number?
False
Is 36677 composite?
False
Is 1087 composite?
False
Is 2995 a composite number?
True
Is 14387 a composite number?
False
Is 24501 composite?
True
Is 59227 prime?
False
Is 501817 a composite number?
False
Is 5147 prime?
True
Is 50357 a composite number?
True
Is 2667097 a prime number?
True
Is 203369 composite?
True
Is 129189 a composite number?
True
Is 108073 a composite number?
True
Is 161171 prime?
False
Is 90853 prime?
False
Is 393401 composite?
False
Is 22 prime?
False
Is 32135 a composite number?
True
Is 73534 prime?
False
Is 61253 a composite number?
False
Is 101681 prime?
True
Is 6937 a prime number?
False
Is 40345 prime?
False
Is 34679 composite?
False
Is 449309 a prime number?
False
Is 4699 prime?
False
Is 80789 a prime number?
True
Is 92839 a prime number?
False
Is 117863 prime?
False
Is 3671 prime?
True
Is 31769 composite?
False
Is 127 a prime number?
True
Is 432359 composite?
False
Is 251 prime?
True
Is 293 composite?
False
Is 4091 prime?
True
Is 109157 a prime number?
False
Is 146201 prime?
False
Is 3274 prime?
False
Is 709403 prime?
False
Is 7537 a composite number?
False
Is 5273 a composite number?
False
Is 1109935 a composite number?
True
Is 522577 a composite number?
True
Is 1666031 a composite number?
True
Is 223469 a prime number?
True
Is 3194 a composite number?
True
Is 23509 composite?
False
Is 196247 prime?
True
Is 44771 a prime number?
True
Is 1193 a composite number?
False
Is 119078 prime?
False
Is 5471 a prime number?
True
Is 7151 a prime number?
True
Is 969593 prime?
True
Is 4537 composite?
True
Is 6157 a composite number?
True
Is 290201 a composite number?
False
Is 1458179 a composite number?
False
Is 3213363 composite?
True
Is 1399 a prime number?
True
Is 102149 a composite number?
False
Is 8861 a prime number?
True
Is 18593 a composite number?
False
Is 12146 a composite number?
True
Is 349645 prime?
False
Is 29635 composite?
True
Is 3481 a composite number?
True
Is 2833 composite?
False
Is 586 composite?
True
Is 3899 composite?
True
Is 175519 a composite number?
False
Is 179 a prime number?
True
Is 693059 a composite number?
True
Is 1104001 composite?
True
Is 5998 prime?
False
Is 168347 a composite number?
False
Is 75239 composite?
False
Is 6653 prime?
True
Is 195659 a composite number?
False
Is 8399 composite?
True
Is 78215 a composite number?
True
Is 33931 composite?
False
Is 1483487 a prime number?
False
Is 623993 prime?
False
Is 4831 prime?
True
Is 107222 composite?
True
Is 72337 a composite number?
False
Is 54037 a composite number?
False
Is 553619 prime?
False
Is 219113 composite?
True
Is 12611 prime?
True
Is 63677 prime?
False
Is 70793 composite?
False
Is 284989 composite?
False
Is 256735 prime?
False
Is 2463 a prime number?
False
Is 33569 a composite number?
False
Is 107193 composite?
True
Is 27682 composite?
True
Is 190067 a composite number?
True
Is 98851 a prime number?
False
Is 28781 a composite number?
True
Is 120847 prime?
True
Is 296501 a composite number?
True
Is 1042703 a prime number?
True
Is 6343 a composite number?
False
Is 3778 a composite number?
True
Is 4663 a prime number?
True
Is 3103 a prime number?
False
Is 992549 prime?
True
Is 73639 a composite number?
True
Is 14635 prime?
False
Is 9101 composite?
True
Is 6131 a prime number?
True
Is 66041 a prime number?
True
Is 383593 a composite number?
True
Is 1105537 a prime number?
True
Is 7327 a prime number?
False
Is 1959 composite?
True
Is 1064447 a composite number?
True
Is 38447 a prime number?
True
Is 15877 prime?
True
Is 17219 a prime number?
False
Is 10687 a prime number?
True
Is 3803 a composite number?
False
Is 2323 a prime number?
False
Is 4381 composite?
True
Is 52517 composite?
False
Is 1420643 a prime number?
False
Is 129557 a composite number?
True
Is 24317 prime?
True
Is 3151 a prime number?
False
Is 35089 a prime number?
True
Is 46561 a prime number?
False
Is 580163 a prime number?
True
Is 139957 prime?
False
Is 3795431 a composite number?
True
Is 1777 a prime number?
True
Is 65761 composite?
False
Is 14851 prime?
True
Is 20021 prime?
True
Is 534739 prime?
True
Is 883 a prime number?
True
Is 239399 composite?
True
Is 1950067 a prime number?
False
Is 18851 a prime number?
False
Is 368837 a prime number?
False
Is 49499 prime?
True
Is 77093 a prime number?
True
Is 16757 composite?
True
Is 194543 prime?
True
Is 5669 prime?
True
Is 9109 a composite number?
False
Is 41497 prime?
False
Is 44323 prime?
False
Is 7909 a composite number?
True
Is 60073 prime?
False
Is 81431 a composite number?
True
Is 335771 composite?
False
Is 32297 composite?
False
Is 7481 a prime number?
True
Is 2479 a composite number?
True
Is 99707 prime?
True
Is 481927 a prime number?
False
Is 61507 composite?
False
Is 110206 a prime number?
False
Is 108249 a prime number?
False
Is 31957 prime?
True
Is 91771 a composite number?
False
Is 987983 a prime number?
True
Is 23369 composite?
False
Is 2233223 a composite number?
False
Is 47423 a prime number?
False
Is 69035 composite?
True
Is 14939 composite?
False
Is 4139 a prime number?
True
Is 4663 a prime number?
True
Is 91253 a composite number?
False
Is 91226 composite?
True
Is 117677 prime?
False
Is 2846 composite?
True
Is 159 a prime number?
False
Is 835919 prime?
False
Is 645391 a prime number?
False
Is 54617 composite?
False
Is 30934 composite?
True
Is 10481 composite?
True
Is 83099 composite?
True
Is 708677 prime?
False
Is 224606 prime?
False
Is 23461 a composite number?
True
Is 236383 a composite number?
True
Is 11539 a composite number?
True
Is 13045 prime?
False
Is 63887 composite?
True
Is 1993 prime?
True
Is 677723 prime?
False
Is 18833 composite?
True
Is 2597591 a prime number?
True
Is 24169 composite?
False
Is 173597 composite?
True
Is 17377 a prime number?
True
Is 19523 a prime number?
False
Is 6637 composite?
False
Is 158203 composite?
True
Is 540203 composite?
False
Is 283369 a prime number?
True
Is 73637 composite?
False
Is 94049 composite?
False
Is 314 a prime number?
False
Is 257437 prime?
True
Is 1508263 a prime number?
True
Is 8311 prime?
True
Is 200879 a composite number?
True
Is 11851 composite?
True
Is 12333 a prime number?
False
Is 272095 composite?
True
Is 108413 a composite number?
False
Is 538547 composite?
True
Is 25337 a composite number?
True
Is 586991 prime?
False
Is 52435 composite?
True
Is 8039 a composite number?
False
Is 6941 a prime number?
False
Is 1082 composite?
True
Is 481323 composite?
True
Is 192697 a composite number?
False
Is 180463 prime?
True
Is 2921 a composite number?
True
Is 42587 composite?
True
Is 10559 prime?
True
Is 54658 prime?
False
Is 122237 a composite number?
True
Is 6186133 prime?
True
Is 93967 prime?
True
Is 1012907 composite?
True
Is 2245 a prime number?
False
Is 97829 prime?
True
Is 127963 a composite number?
True
Is 13343 a composite number?
True
Is 156467 composite?
False
Is 38245 prime?
False
Is 3109 prime?
True
Is 1711 composite?
True
Is 34757 a composite number?
False
Is 727541 a composite number?
False
Is 10537 composite?
True
Is 1104419 a composite number?
True
Is 191 a composite number?
False
Is 111763 prime?
False
Is 884497 prime?
True
Is 9059 a composite number?
False
Is 52489 composite?
False
Is 19801 a prime number?
True
Is 31431 a composite number?
True
Is 2230021 prime?
True
Is 21661 composite?
False
Is 191483 composite?
True
Is 1076527 a composite number?
True
Is 12323 a prime number?
True
Is 167149 a composite number?
False
Is 16871 prime?
True
Is 12067 composite?
True
Is 1259 composite?
False
Is 3101 a prime number?
False
Is 4831 prime?
True
Is 1151 a prime number?
True
Is 62683 a composite number?
False
Is 98711 composite?
False
Is 72359 a prime number?
False
Is 2153 a prime number?
True
Is 40661 a composite number?
True
Is 12481 composite?
True
Is 89977 prime?
True
Is 489 a composite number?
True
Is 119837 prime?
False
Is 5669 a prime number?
True
Is 234569 prime?
False
Is 1777 a prime number?
True
Is 79031 a composite number?
False
Is 92119 composite?
False
Is 13591 a composite number?
False
Is 34667 prime?
True
Is 66743 